ve d(-19).
-7
Let w(k) = -4*k**3 + 50*k**2 + 139*k - 1702. Give w(14).
-932
Let g(w) = -1397*w + 6994. Determine g(5).
9
Let o(w) = -12*w**3 - 9*w**2 + 179*w + 772. Determine o(-4).
680
Let d(s) = 1451*s - 35777. Give d(25).
498
Let o(x) = 12*x**2 - 16896*x - 50791. Determine o(-3).
5
Let m(b) = -b**3 + 217*b**2 - 260*b - 36537. What is m(215)?
13
Let j(x) = -2550*x + 851680. Calculate j(334).
-20
Let o(a) = -18*a**3 - 48*a**2 + 5*a - 25. Give o(-3).
14
Let b(y) = -y**3 - 109*y**2 + 679*y + 85009. Determine b(-108).
13
Let m(s) = 9212*s - 1068412. Give m(116).
180
Let o(t) = 16591*t + 2787291. Give o(-168).
3
Let s(o) = -4677*o + 32722. What is s(7)?
-17
Let i(b) = 34*b**2 + 558*b - 2049. Give i(3).
-69
Let d(o) = -2*o**3 - 140*o**2 - 2006*o + 20. Determine d(-50).
320
Let w(p) = -2504*p + 115185. Determine w(46).
1
Let c(w) = -w**2 + 98*w - 3416. Determine c(43).
-1051
Let h(v) = 6359*v + 362447. Calculate h(-57).
-16
Let r(s) = 4*s**3 + 18*s**2 - 100*s - 505. Determine r(-6).
-121
Let y(b) = 200*b + 1855. Calculate y(0).
1855
Let f(s) = -133*s + 24407. Determine f(184).
-65
Let a(w) = -2*w**3 + 11*w**2 + 12*w - 121. Give a(5).
-36
Let u(d) = -234*d - 1980. Give u(-8).
-108
Let m(c) = 2*c**2 - 322*c + 12394. Determine m(98).
46
Let c(q) = 21*q**3 + 12*q**2 + 46*q + 136. Calculate c(-3).
-461
Let d(g) = -257*g**2 + 286046*g - 5560. What is d(1113)?
5
Let t(l) = 816*l**2 - 44060*l - 125. What is t(54)?
91
Let u(a) = -144*a - 9735. Calculate u(-64).
-519
Let k(b) = 1046675*b - 1046666. Give k(1).
9
Let y(r) = -203*r + 96013. What is y(473)?
-6
Let j(m) = 2630*m + 857312. Give j(-326).
-68
Let p(d) = -127*d**2 - 27174*d + 725. Determine p(-214).
-131
Let q(b) = 2*b**2 + 68*b + 667. Calculate q(-23).
161
Let q(d) = 3342*d + 374247. What is q(-112)?
-57
Let r(x) = 5*x**3 - 295*x**2 + 4023*x - 237338. Determine r(59).
19
Let n(p) = -1091*p - 3471. Calculate n(-4).
893
Let n(b) = 2*b**2 + 775*b + 74353. What is n(-175)?
-22
Let l(a) = -2*a**3 + 167*a**2 + 15*a + 9. Give l(0).
9
Let u(g) = g**3 + 270*g**2 + 1296*g + 61853. Determine u(-266).
141
Let p(a) = 431*a + 1315. Give p(-7).
-1702
Let n(m) = 49*m**2 + 1974*m + 77. Calculate n(-40).
-483
Let w(k) = 158529*k + 9828808. What is w(-62)?
10
Let x(f) = -f**3 + 6439*f**2 - 433233*f + 335. Calculate x(68).
-5
Let y(i) = -3*i**2 + 43997*i + 1013516. Determine y(-23).
-2
Let p(l) = -47*l**2 + 2494*l + 14911. Calculate p(-6).
-1745
Let k(m) = 446*m + 5533. Give k(-10).
1073
Let s(u) = u**2 + 80720*u + 968801. Determine s(-12).
305
Let i(l) = 2*l**2 - 102*l + 1559. What is i(32)?
343
Let m(l) = 21896*l - 87607. Calculate m(4).
-23
Let z(k) = -7903*k - 126475. Determine z(-16).
-27
Let g(v) = -9*v**2 - 6400*v + 364498. What is g(53)?
17
Let s(t) = t**3 - 87*t**2 - 2925*t + 334. Give s(-26).
-4
Let a(i) = 756*i + 11224. Calculate a(-15).
-116
Let a(v) = 7*v**2 + 518*v + 8752. Determine a(-48).
16
Let p(o) = -1260*o**2 - 481*o - 479. Give p(-1).
-1258
Let i(m) = -9409*m - 338810. Determine i(-36).
-86
Let x(d) = 2*d**3 + 67*d**2 + 72*d + 1334. What is x(-34)?
-2270
Let s(g) = 93*g**2 - 1132*g + 8. What is s(12)?
-184
Let v(m) = -142*m + 18729. Give v(153).
-2997
Let d(n) = -n**3 + 38*n**2 - 331*n - 642. Determine d(23).
-320
Let o(a) = -2*a**2 - 144*a + 2594. Give o(-87).
-16
Let m(a) = -13*a**2 - 2684*a + 1426. Determine m(-207).
-23
Let o(k) = k**2 - 2084*k + 869564. What is o(577)?
25
Let i(t) = -647*t - 33600. What is i(-52)?
44
Let j(p) = -12661*p - 25414. Give j(-2).
-92
Let i(t) = -37*t**2 - 2278*t + 893. What is i(-62)?
-99
Let o(z) = -2*z**2 - 1632*z - 309767. Determine o(-300).
-167
Let a(u) = -376*u + 1609. Determine a(3).
481
Let g(b) = -14*b**2 + 685*b - 5050. What is g(9)?
-19
Let t(a) = -16*a**3 - 158*a**2 - 368*a - 92. What is t(-3)?
22
Let y(i) = -93*i - 37302. Calculate y(-402).
84
Let z(n) = -13*n**3 + 37*n**2 - 7*n - 12. Determine z(3).
-51
Let t(p) = 64*p**2 + 29918*p + 43800. Give t(-466).
-4
Let c(v) = -28*v**2 + 3521*v + 2080. Calculate c(127).
-2365
Let c(n) = -n**3 - 60*n**2 + 112*n - 455. Give c(-62).
289
Let a(u) = 144999*u - 8. Determine a(0).
-8
Let m(k) = -586*k**3 + 9*k**2 - 19*k + 9. Calculate m(1).
-587
Let m(i) = 84*i**3 - 30*i**2 - 116*i - 4. Calculate m(-3).
-2194
Let o(p) = -497067*p + 5964794. What is o(12)?
-10
Let y(j) = 3*j**3 + 19*j**2 + 21*j + 254. Determine y(-7).
9
Let i(z) = z**2 + 58*z - 215. What is i(17)?
1060
Let m(k) = k**3 + 15*k**2 + 9990*k + 170366. Calculate m(-17).
-42
Let o(v) = 1181*v + 248838. Give o(-211).
-353
Let t(h) = 1766*h + 14642. What is t(-8)?
514
Let f(d) = -d**3 - 123*d**2 + 16603*d - 42435. What is f(-205)?
0
Let u(g) = -g**3 - 58*g**2 - 800*g - 437. Determine u(-20).
363
Let t(v) = -80*v**2 - 103*v - 179. Determine t(-3).
-590
Let i(l) = 13849*l + 96341. Calculate i(-7).
-602
Let w(o) = 2*o**3 - 38*o**2 - 896*o - 3289. Calculate w(-5).
-9
Let f(q) = q**3 - 118*q**2 + 3000*q - 48. What is f(37)?
63
Let m(k) = -k**3 - 19*k**2 - 110*k - 2608. Determine m(-20).
-8
Let q(l) = -3*l**3 + 215*l**2 - 2907*l + 156. What is q(18)?
-6
Let s(j) = 46*j**2 + 1718*j + 2228. Calculate s(-36).
-4
Let h(v) = -60418*v - 362525. What is h(-6)?
-17
Let a(c) = -c**3 - 99*c**2 - 504*c + 315. Give a(-6).
-9
Let r(i) = -216400*i + 3462403. Give r(16).
3
Let z(a) = -1978*a + 21772. Give z(11).
14
Let t(j) = 588463*j - 2942321. What is t(5)?
-6
Let p(s) = s**2 + 1643*s - 88169. Give p(52).
-29
Let q(p) = 191*p - 628. Calculate q(7).
709
Let c(u) = 11*u**3 + 251*u**2 - 188*u - 3381. What is c(-23)?
-115
Let p(m) = 257*m + 2946. Give p(-16).
-1166
Let c(g) = -2*g**2 - 1317*g - 11844. Give c(-9).
-153
Let y(d) = d**3 - 3088*d**2 + 100813*d + 68. Give y(33).
2
Let n(y) = -y**3 + 96*y**2 + 222*y + 1294. Give n(99).
-6131
Let y(k) = -1116*k + 355915. Determine y(319).
-89
Let r(b) = -12922*b - 620253. What is r(-48)?
3
Let x(p) = 53*p - 637. What is x(1)?
-584
Let v(g) = -g**2 + 2016612*g - 20166011. Determine v(10).
9
Let i(l) = -39*l**2 - 1938*l + 561. Calculate i(-50).
-39
Let u(t) = 61*t**2 + 305*t - 1226. Determine u(4).
970
Let p(t) = -69*t - 1140. Give p(-14).
-174
Let m(p) = 4357*p - 9106130. Determine m(2090).
0
Let w(d) = 3241*d - 3422555. What is w(1056)?
-59
Let l(o) = 8655*o - 2908078. Determine l(336).
2
Let d(p) = -36*p**2 - 3202*p + 31729. Calculate d(9).
-5
Let b(h) = 2585*h**2 + 41360*h - 3. Give b(-16).
-3
Let z(i) = -1686*i**2 - 77545*i + 514. What is z(-46)?
8
Let h(p) = -p**3 - 454*p**2 - 14284*p - 1818. Determine h(-420).
-138
Let j(r) = r**3 - 103*r**2 + 2094*r - 3182. Give j(76).
10
Let x(r) = 33*r**3 - 1126*r**2 + 134*r + 72. What is x(34)?
4
Let u(d) = 2*d**2 - 401*d + 19550. Determine u(120).
230
Let x(d) = -8*d**2 - 976*d - 6821. Give x(-7).
-381
Let o(d) = -1120*d - 9811. What is o(-9)?
269
Let p(x) = x**2 + 171*x + 3042. Give p(-152).
154
Let i(h) = 18877*h + 2265234. Calculate i(-120).
-6
Let c(s) = -61507*s - 369208. What is c(-6)?
-166
Let a(f) = 6120*f + 189648. Calculate a(-31).
-72
Let t(w) = w**3 + 32*w**2 + 113*w + 10. Calculate t(-4).
6
Let y(r) = -93*r - 7388. What is y(-74)?
-506
Let o(c) = -12565*c - 125655. What is o(-10)?
-5
Let k(x) = -2*x**3 + 61*x**2 - 468*x + 150. Give k(17).
-3
Let u(p) = -2*p**3 - 309*p**2 - 1345*p + 784. Give u(-150).
34
Let m(z) = 66*z**2 + 98*z - 612. Determine m(7).
3308
Let g(s) = s**2 - 663*s - 18575. Give g(-26).
-661
Let h(q) = -130*q - 15975. What is h(-135)?
1575
Let c(f) = 1310*f - 62885. What is c(48)?
-5
Let k(m) = m**2 + 169*m - 31880. Determine k(113).
-14
Let p(t) = t**3 - 790*t**2 + 39060*t + 711. Give p(737).
-26
Let a(f) = -2*f**3 + 12*f**2 - 43*f - 5. Calculate a(3).
-80
Let x(n) = -10*n**3 + 58*n**2 + 357*n - 2080. Give x(6).
-10
Let x(v) = -616922*v - 616844. What is x(-1)?
78
Let a(z) = z**3 - 344*z**2 - 7660*z - 1837. What is a(365)?
-12
Let w(c) = 4928*c - 80. What is w(0)?
-80
Let d(o) = -o**3 - 54*o**2 + 165*o + 8930. Determine d(-54).
20
Let w(v) = 3*v**2 + 263*v - 2675. Give w(-97).
41
Let c(w) = -454*w + 206308. Determine c(455).
-262
Let z(x) = -5*x**2 + 120348*x + 361065. What is z(-3)?
-24
Let f(x) = 21*x**2 - 106*x + 104. Calculate f(5).
99
Let p(k) = -1118*k - 22930. Give p(-20).
-570
Let d(s) = 62*s**2 - 1529*s + 512. What is d(24)?
-472
Let b(f) = -15*f**2 + 68*